What is the hundreds digit of 83385?
3
What is the tens digit of 1778?
7
What is the hundreds digit of 481?
4
What is the units digit of 1126?
6
What is the tens digit of 11702?
0
What is the tens digit of 24552?
5
What is the ten thousands digit of 12553?
1
What is the thousands digit of 1683?
1
What is the units digit of 180?
0
What is the tens digit of 352?
5
What is the hundreds digit of 16319?
3
What is the hundreds digit of 342?
3
What is the tens digit of 61114?
1
What is the tens digit of 18778?
7
What is the tens digit of 1487?
8
What is the tens digit of 2509?
0
What is the hundreds digit of 583?
5
What is the units digit of 19672?
2
What is the hundreds digit of 1649?
6
What is the units digit of 2771?
1
What is the thousands digit of 3326?
3
What is the units digit of 1232?
2
What is the hundreds digit of 1631?
6
What is the hundred thousands digit of 111385?
1
What is the tens digit of 287?
8
What is the hundreds digit of 924?
9
What is the thousands digit of 1167?
1
What is the tens digit of 1485?
8
What is the units digit of 3731?
1
What is the hundreds digit of 1161?
1
What is the hundreds digit of 8573?
5
What is the thousands digit of 4365?
4
What is the thousands digit of 13935?
3
What is the units digit of 26161?
1
What is the hundreds digit of 3988?
9
What is the tens digit of 2199?
9
What is the tens digit of 1242?
4
What is the units digit of 848?
8
What is the hundreds digit of 25916?
9
What is the units digit of 53316?
6
What is the hundreds digit of 709?
7
What is the tens digit of 5568?
6
What is the tens digit of 730?
3
What is the tens digit of 250?
5
What is the hundreds digit of 12229?
2
What is the thousands digit of 1482?
1
What is the tens digit of 2745?
4
What is the hundreds digit of 1566?
5
What is the tens digit of 30333?
3
What is the hundreds digit of 14584?
5
What is the thousands digit of 11062?
1
What is the units digit of 5950?
0
What is the units digit of 137670?
0
What is the units digit of 50728?
8
What is the hundreds digit of 10651?
6
What is the thousands digit of 63089?
3
What is the tens digit of 496?
9
What is the tens digit of 26063?
6
What is the thousands digit of 10533?
0
What is the thousands digit of 1634?
1
What is the ten thousands digit of 30389?
3
What is the thousands digit of 1407?
1
What is the ten thousands digit of 48920?
4
What is the units digit of 1547?
7
What is the tens digit of 3341?
4
What is the hundreds digit of 1421?
4
What is the hundreds digit of 692?
6
What is the hundreds digit of 9412?
4
What is the hundreds digit of 258?
2
What is the units digit of 69?
9
What is the units digit of 2724?
4
What is the thousands digit of 7479?
7
What is the hundreds digit of 1604?
6
What is the tens digit of 794?
9
What is the ten thousands digit of 14144?
1
What is the tens digit of 1403?
0
What is the tens digit of 875?
7
What is the tens digit of 188518?
1
What is the tens digit of 6011?
1
What is the tens digit of 73678?
7
What is the hundreds digit of 10266?
2
What is the tens digit of 49?
4
What is the hundreds digit of 32185?
1
What is the tens digit of 756?
5
What is the ten thousands digit of 16057?
1
What is the thousands digit of 1193?
1
What is the hundreds digit of 255?
2
What is the hundreds digit of 10115?
1
What is the tens digit of 4774?
7
What is the thousands digit of 139116?
9
What is the hundreds digit of 21533?
5
What is the tens digit of 18681?
8
What is the thousands digit of 56192?
6
What is the hundreds digit of 9992?
9
What is the units digit of 1910?
0
What is the thousands digit of 28515?
8
What is the units digit of 4703?
3
What is the tens digit of 10458?
5
What is the hundreds digit of 1109?
1
What is the ten thousands digit of 34942?
3
What is the hundreds digit of 4633?
6
What is the hundreds digit of 1232?
2
What is the hundred thousands digit of 156254?
1
What is the ten thousands digit of 165627?
6
What is the units digit of 36324?
4
What is the tens digit of 446?
4
What is the hundreds digit of 18416?
4
What is the units digit of 893?
3
What is the hundreds digit of 114568?
5
What is the units digit of 2385?
5
What is the units digit of 189?
9
What is the units digit of 3123?
3
What is the units digit of 3108?
8
What is the thousands digit of 4833?
4
What is the hundreds digit of 17981?
9
What is the units digit of 7011?
1
What is the thousands digit of 1570?
1
What is the hundreds digit of 77432?
4
What is the hundreds digit of 12421?
4
What is the hundreds digit of 1596?
5
What is the hundreds digit of 759?
7
What is the tens digit of 33100?
0
What is the hundreds digit of 1481?
4
What is the units digit of 21896?
6
What is the hundreds digit of 3076?
0
What is the hundreds digit of 327?
3
What is the ten thousands digit of 27924?
2
What is the tens digit of 86778?
7
What is the thousands digit of 27851?
7
What is the tens digit of 78467?
6
What is the hundreds digit of 22245?
2
What is the units digit of 20285?
5
What is the thousands digit of 5714?
5
What is the tens digit of 622?
2
What is the tens digit of 13150?
5
What is the thousands digit of 26219?
6
What is the hundreds digit of 4706?
7
What is the ten thousands digit of 13081?
1
What is the tens digit of 50751?
5
What is the hundreds digit of 1743?
7
What is the thousands digit of 5743?
5
What is the units digit of 2481?
1
What is the hundreds digit of 16770?
7
What is the units digit of 22148?
8
What is the units digit of 93327?
7
What is the tens digit of 2591?
9
What is the tens digit of 1024?
2
What is the hundreds digit of 493?
4
What is the hundreds digit of 919?
9
What is the hundred thousands digit of 139002?
1
What is the hundreds digit of 147673?
6
What is the thousands digit of 12997?
2
What is the thousands digit of 121953?
1
What is the tens digit of 115?
1
What is the ten thousands digit of 43025?
4
What is the hundreds digit of 1721?
7
What is the units digit of 148?
8
What is the thousands digit of 4250?
4
What is the units digit of 17674?
4
What is the tens digit of 13984?
8
What is the tens digit of 4472?
7
What is the hundreds digit of 1306?
3
What is the hundreds digit of 164?
1
What is the hundreds digit of 396?
3
What is the tens digit of 4272?
7
What is the hundreds digit of 892?
8
What is the units digit of 3250?
0
What is the thousands digit of 3855?
3
What is the hundreds digit of 4543?
5
What is the ten thousands digit of 40815?
4
What is the thousands digit of 59726?
9
What is the units digit of 3202?
2
What is the tens digit of 909?
0
What is the tens digit of 6326?
2
What is the ten thousands digit of 14544?
1
What is the ten thousands digit of 32620?
3
What is the units digit of 2698?
8
What is the hundreds digit of 303?
3
What is the units digit of 2843?
3
What is the thousands digit of 11302?
1
What is the units digit of 80204?
4
What is the hundreds digit of 16483?
4
What is the units digit of 4057?
7
What is the hundreds digit of 10408?
4
What is the thousands digit of 1294?
1
What is the tens digit of 453?
5
What is the hundreds digit of 8903?
9
What is the tens digit of 2816?
1
What is the units digit of 9217?
7
What is the tens digit of 29340?
4
What is the units digit of 116619?
9
What is the hundred thousands digit of 107380?
1
What is the thousands digit of 1678?
1
What is the units digit of 33945?
5
What is the units digit of 83?
3
What is the units digit of 2800?
0
What is the tens digit of 1595?
9
What is the units digit of 189?
9
What is the hundreds digit of 448?
4
What is the tens digit of 48285?
8
What is the ten thousands digit of 17480?
1
What is the tens digit of 931?
3
What is the thousands digit of 8589?
8
What is the tens digit of 2205?
0
What is the hundreds digit of 40073?
0
What is the thousands digit of 2159?
2
What is the ten thousands digit of 33491?
3
What is the ten thousands digit of 17160?
1
What is the hundreds digit of 3042?
0
What is the units digit of 1171?
1
What is the units digit of 3032?
2
What is the thousands digit of 2679?
2
What is the tens digit of 9988?
8
What is the units digit of 81142?
2
What is the tens digit of 955?
5
What is the hundreds digit of 7030?
0
What is the units digit of 1219?
9
What is the tens digit of 12838?
3
What is the tens digit of 11877?
7
What is the hundreds digit of 6377?